 -r - v + 3 - 5 + 2. Determine o(5).
-6
Let b(a) = 2*a + 1 - 1 + 2 - 5. Give b(2).
1
Let n = -7 - -4. Let m be (-22)/(-5) + 10/(-25). Let r(t) = 3 + 2*t + m*t - 4*t. What is r(n)?
-3
Let x(a) = -4*a + 1. Let s be (-1)/2 + 21/2. Suppose -h - s = -6*h. Suppose -g = g + h. Calculate x(g).
5
Let x = -11 - -12. Suppose 0 = -3*c + r + x, 2 = -4*r + 10. Let k(u) = u**2 - 1. Give k(c).
0
Let q(g) be the third derivative of -g**7/5040 - g**6/720 - g**5/60 - 2*g**2. Let w(l) be the third derivative of q(l). Give w(-1).
0
Let s(q) = -6*q - 2*q**2 + 3*q - 4*q + 4 + 3*q**2. Determine s(3).
-8
Let d(o) be the first derivative of -o**6/24 - o**5/60 - o**4/24 - o**2 - 4. Let q(j) be the second derivative of d(j). Calculate q(-1).
5
Suppose 6 = -4*v + 6*v. Let h = -7 + 10. Let r(a) = -h*a + 4*a + a**2 + 1 - 5*a + 2*a. Determine r(v).
4
Let g(l) = -3*l**3 + 4*l**2 - 3*l - 2. Let i(f) = 7*f**3 - 7*f**2 + 7*f + 4. Let r(p) = 5*g(p) + 2*i(p). What is r(6)?
-8
Let p(o) = o**2 + 11*o - 16. Let w be p(-13). Let a(c) = 4*c**3 + c**2 - 3*c**3 - 11*c + 4*c**3 + w*c + 1. Give a(1).
6
Suppose -3*p = -2*p - 3. Let l(w) be the first derivative of 1 + 0 - p*w + 0 - w**2. What is l(-3)?
3
Let a be (-10)/15*-3 + 3. Let o(k) = -3*k - 4 - 4 + 4*k + 1. Determine o(a).
-2
Let g(v) = v - 1 - 2 + 0. Let w = 21 + -21. What is g(w)?
-3
Let y(d) be the first derivative of 3 + 1/2*d**2 + 5/3*d**3 - 1/4*d**4 + d. Determine y(5).
6
Let l(x) be the third derivative of -x**5/60 + x**4/4 - 7*x**3/6 + 12*x**2. Give l(5).
-2
Let h(d) = d**2 + 7*d + 6. Let v be h(-7). Let u(l) = -v + 7 + 4*l - 5*l. Calculate u(-4).
5
Let w(l) = -l - 3. Let n(y) = y + 4. Let h(p) = 5*n(p) + 7*w(p). Give h(5).
-11
Suppose -8 - 17 = -5*k. Suppose -4 - 10 = 2*y - k*a, 5*y = a - 12. Let t be 1/(-2)*(-16)/y. Let i(q) = q**2 + 4*q + 3. What is i(t)?
3
Let d(s) = -s**3 - s**2 - 1. Let k(b) = b**2 + 6*b - 2. Let w be k(-6). What is d(w)?
3
Let k(q) = q**3 - q**2 + q + 3. Let s be 8/(-6)*(-3)/2. Suppose -3*j + s*j = 0. Suppose j = -m + 3*o - 4 + 1, 4*o = 4*m + 4. Calculate k(m).
3
Let c be 4 - 0 - 2*1. Suppose 20 = 3*z + 4*x, -13 + 38 = -z + 5*x. Let q(u) = -u**2 - 5*u + z*u**2 + 2*u**2 - 3 - 2*u**c. Determine q(-3).
3
Let s be (4/3)/((-12)/(-90)). Suppose 5*n = -3*f + 6, -2*f + s + 19 = -5*n. Let b(j) = -3 - j**2 - 3*j + f + 0*j. Calculate b(-3).
4
Let k = 6 + -8. Let o(a) = a**2 - 2*a - 3. Let b be o(k). Let r(q) = -3*q + 6. Determine r(b).
-9
Let f(h) = 5 + h + 5*h - 1 + h**2. Let t(u) = u**2 - u - 5. Suppose 2*r + 3*r - 2*b = 0, b = 2*r. Let y be t(r). Give f(y).
-1
Let v(j) = -j**2 - 6*j - 4. Let f = 19 - 25. What is v(f)?
-4
Let u(c) = -c**2 + 12*c + 9. Let g be u(11). Let w be 1/2 + (-110)/g. Let q(a) = a**2 + 7*a + 2. Calculate q(w).
-8
Let d(v) be the third derivative of -v**6/60 - v**4/24 + 5*v**3/6 + 3*v**2. Let f(b) be the first derivative of d(b). Calculate f(-1).
-7
Let a(l) = l - 6. Let w(m) = -3*m + 13. Let u(d) = 5*a(d) + 2*w(d). What is u(-6)?
2
Let z(j) = 5*j**2 + 32*j + 33. Let b(t) = -t**2 - 8*t - 8. Let n(v) = 9*b(v) + 2*z(v). Calculate n(8).
-6
Let g(a) = -5*a**2 - 1. Let f be 4/6*3/2. Calculate g(f).
-6
Let n(y) = y**3 + 7*y**2 - 6*y + 20. Let i be n(-8). Let g(z) = z**3 - 3*z**2 - 3*z + 2. Determine g(i).
6
Let v(i) = 3*i**3 - 4*i**2 - 7*i - 5. Let y(z) = 7*z**3 - 8*z**2 - 15*z - 11. Let k(f) = 9*v(f) - 4*y(f). Suppose -4*r - 3 = -3*r. Calculate k(r).
-1
Let d(g) be the second derivative of -g**5/20 - g**4/3 + 3*g. Let k be d(-4). Let v(y) = -y**3 + y**2 - y + 6. Give v(k).
6
Let y(k) be the third derivative of k**2 - 1/24*k**4 + 0 - 5/6*k**3 + 0*k. Calculate y(-5).
0
Let p(m) be the third derivative of -m**6/120 - m**5/15 + m**4/24 + m**3/2 - 5*m**2. Let d = 6 + -10. What is p(d)?
-1
Let a(n) = -13*n**2 + 5*n - 9. Let w(c) = -3*c**2 + c - 2. Let q(z) = 2*a(z) - 9*w(z). Let r(k) = -4*k**2 - 9*k - 5. Let s(l) = 3*q(l) + r(l). Calculate s(-5).
0
Let b be ((-77)/(-33))/(2/6). Let c(n) = -n - 2. Determine c(b).
-9
Let j(r) = r - 1. Let f be j(5). Let a(o) = -o. Let p(i) = -3*i - 1. Suppose 2*k = k - 1. Let x(z) = k*p(z) + 2*a(z). Calculate x(f).
5
Let d(z) = -z. Let y = -18 - -7. Let x = -7 - y. Determine d(x).
-4
Let v(j) = 6*j + 3. Let z(l) = -l**3 - 7*l**2 + l + 5. Let x be z(-7). Determine v(x).
-9
Let h be -1 + -2 - (-2 - -5). Let b(j) be the first derivative of -j**4/24 - 2*j**3/3 + j**2/2 + 1. Let q(g) be the second derivative of b(g). Calculate q(h).
2
Let w(k) = -k**2 + 6*k - 4. Let i be (-4)/(-1) - (-6 + 4). Let t be i + ((-4)/2 - 0). Calculate w(t).
4
Let p(u) = u**3 + 7*u**2 + 4. Let b be p(-6). Suppose -5*t - 4*k = b, -2*t - 2*k - 25 + 7 = 0. Let n(o) = -o**2 - 8*o - 6. Calculate n(t).
10
Let u(t) = -t**2 + 1. Suppose -4*k + 18 = -10. Let q = -6 + k. Let i be (q - 1)*3/(-6). Calculate u(i).
1
Let l(x) = x + 2. Let k(y) = y + 3. Let u be k(3). Give l(u).
8
Let q be 1/(-5) + (-48)/10. Let c(v) be the first derivative of -v**3/3 - 4*v**2 - 5*v - 1. Determine c(q).
10
Let k(h) = -13*h + 4 - 20*h + 29*h - h**2 + 3. What is k(-5)?
2
Let r(z) be the second derivative of z**3/6 - z**2/2 + 14*z. Give r(0).
-1
Let l(g) = -g + 1. Let p be (-8)/(21/(-15) + 1). Suppose -4*d - 4 = -p. Let f(k) = -k**2 - 2*k + 6. Let o(z) = d*l(z) - f(z). Give o(2).
-2
Suppose 0 = -f - 7 + 13. Let v(a) = -a**2 + 6*a - 3. Determine v(f).
-3
Suppose 0 = 5*s - 3*s - 4. Suppose 4*z + 3 = -a + 4, 2*a = s. Suppose t - 2 + 1 = z. Let q(o) = 5*o**2 - o + 1. Calculate q(t).
5
Let d be (3/2)/(27/18). Suppose 15 - 3 = 3*q. Let w(p) = -p + q - d + 0. Calculate w(-3).
6
Let p(u) = 5*u - 11. Let c(q) = -2*q + 5. Let w(b) = 7*c(b) + 3*p(b). Give w(-4).
-2
Let s(j) = 10*j**2 - j**3 - 2*j**2 + 8 - 3. Give s(8).
5
Let w(s) = s**3 - 9*s**2 + 7. Let b be w(9). Let j(g) = g - 9. Calculate j(b).
-2
Let o(u) = u**3 + 10*u**2 + 9*u - 3. Let f be o(-9). Let a be (-2)/((-6)/f) - -1. Suppose 2*b + 14 = k, a = b - 0*b + 5*k - 15. Let q(d) = -d - 2. Give q(b).
3
Let i(k) = -6*k**2 + 2*k - 2. Let c(v) = -7*v**2 + v - 1. Let g(u) = -5*c(u) + 6*i(u). Suppose -2 + 12 = 2*b. What is g(b)?
3
Let k(i) = -10*i. Let j(g) = -2*g - 1. Let x(h) = -4*j(h) + k(h). Determine x(-3).
10
Let c(h) = -2*h**2 + 4*h - 2. Let l = -3 + -3. Let a = l - -9. What is c(a)?
-8
Let q(p) = -p**3 + 6*p**2 - 6*p. Suppose 5*f + y + 54 = 0, 2 = -f - 5*y - 4. Let r(c) = c**3 + 12*c**2 + 12*c + 15. Let g be r(f). Calculate q(g).
8
Let i(f) be the first derivative of f**6/360 + f**5/24 + f**4/6 + 2*f**3/3 - 6. Let o(h) be the third derivative of i(h). Give o(-4).
0
Let z be 2/((3 + -2)/(-2)). Let d = z + 6. Suppose -5*c - 1 + 14 = -d*w, 2*w + 9 = c. Let m(f) = -f**3 - 5*f**2 - 2*f + 4. Calculate m(w).
-4
Let p be (-4)/((-4)/15)*(-2)/3. Let f(w) = -w**2 - 10*w - 2. What is f(p)?
-2
Let r(k) be the first derivative of -k**4/6 + k**3/2 - k - 2. Let n(g) be the first derivative of r(g). Suppose 4*j = 3 + 5. Give n(j).
-2
Let w be (-112)/(-24) + (-4)/6. Let a(r) = r**2 - r - 5. Give a(w).
7
Let u(k) be the third derivative of -k**2 + 1/3*k**3 - 1/24*k**4 + 0 + 0*k - 1/40*k**5. Let p(g) be the first derivative of u(g). Give p(-2).
5
Let o = 3 + 3. Let r(p) = -5 - 1 + 1 - o*p + 6. Give r(-1).
7
Let u(o) = -o**2 + 5*o. Let g be u(3). Let z(d) = g*d + d**2 + 1 + 1 + d. Give z(-6).
-4
Let o(g) be the first derivative of g**5/60 - 4*g**3/3 + 2. Let z(n) be the third derivative of o(n). Calculate z(-1).
-2
Let c = 0 - 1. Let r(s) = 7*s**3 - 2*s**2 + 1. Give r(c).
-8
Let o(v) be the third derivative of v**5/60 + v**4/4 + 4*v**3/3 + 22*v**2. Calculate o(-6).
8
Suppose -4 = -2*o + 6. Let t(d) = -5*d**3 + 6*d**3 - 1 + d**2 - 3*d - 5*d**2. Determine t(o).
9
Let b(n) be the second derivative of -n**4/4 - n**3/6 + 7*n**2/2 + 3*n. Let y(p) = -4*p**2 + 8. Let u(o) = 5*b(o) - 4*y(o). Determine u(2).
-3
Suppose 4*o + 3*a - a - 14 = 0, -1 = -5*o + 3*a. Let k be o/(-5) + (-81)/(-15). Let m(i) = i**3 - 5*i**2 - i. What is m(k)?
-5
Let n(h) = -h - 7. Suppose 5 = 3*k + 47. Let m = k + 14. Determine n(m).
-7
Let o(m) = 3*m + 6. Let d = -4 + -1. What is o(d)?
-9
Let n(u) = u - 14. Suppose -5*q + 5*m = -20, -m = -4*q + 6 - 2. Give n(q).
-14
Let b(t) be the first derivative of t**4/4 - t**3/3 - t**2 - 13. Give b(-2).
-8
Let d(h) = -4*h - 1. Let z be d(-1). Let g(u) = -u + 2 + z + 1. What is g(5)?
1
Suppose 3*g 